 = 35. What is the tens digit of j?
4
Suppose -2*f - 18 = -5*l, -9*f - 5 = -6*f - 2*l. Suppose 5*t + v - 4 - 5 = 0, v = -4*t + 7. What is the tens digit of 2 + (t - f) - -32?
3
Let g = 17 - 12. Suppose -3*t = 2*t - 10, 5*b = -5*t + 120. Suppose 3*s + 3*v - b + 4 = 0, -g*v = 20. What is the tens digit of s?
1
Suppose -2*y - t = 2*t - 1, 0 = -4*y - 2*t + 6. Suppose y*f - 4*p - 140 = 0, -4*f - 4*p = f - 406. What is the units digit of f?
8
What is the hundreds digit of (-621)/(-138)*626/9?
3
Let s(y) = y**3 - y**2 + 15. Let o(a) = 11 - 4 - 2 - 6. Let n(d) = o(d) + s(d). What is the tens digit of n(0)?
1
Suppose -15*r + 4*r + 44 = 0. Suppose 436 = 4*h + r*i, -4*h + 184 + 273 = -3*i. What is the tens digit of h?
1
Let i be (-1908)/(-30) + 6/15. What is the tens digit of (-2)/(-7) + i/(-28) + 94?
9
Suppose -3*h - 34 = -22, -4*h = 2*m - 678. What is the units digit of m?
7
Let v(r) = r**2 - 8*r - 19. Let p be v(14). Suppose 0 = -5*b - a + p, -4*b + 3*a = -0*b - 71. Let j = 44 - b. What is the units digit of j?
0
Let s(u) = 4*u - 1. Let c be s(-2). Let n be (105/c)/((-4)/(-12)). What is the units digit of (-1)/(-3) + n/(-3)?
2
Let w = 449 - 14. Suppose 8*v - 3*v - w = 0. What is the tens digit of v?
8
Let y(x) = 188*x**2 - 7*x + 9. What is the hundreds digit of y(3)?
6
Let p(t) = 651*t**3 - t**2 - 6*t + 7. What is the units digit of p(1)?
1
Let d(n) be the third derivative of -7/30*n**6 - 6*n**2 + 0*n + 0*n**3 + 0*n**5 + 0 + 1/24*n**4. What is the units digit of d(-1)?
7
Let h(d) = 11*d**2 - 29*d + 11. What is the hundreds digit of h(-10)?
4
What is the thousands digit of 120170/50 - (-9)/((-90)/4)?
2
Let a(l) = -11*l + 59. What is the tens digit of a(-23)?
1
Let o(r) = 897*r + 135. What is the units digit of o(5)?
0
Suppose -2*d = 30 + 4. Let x = 36 - d. Let i = x + -2. What is the tens digit of i?
5
Let z(i) = i**3 + 30*i**2 + 30*i - 13. What is the units digit of z(10)?
7
Let p(c) = -2*c + 27. Let d be p(12). Suppose 0 = 5*h - s - 58, 0 = d*h - 4*h - 5*s + 22. What is the units digit of (-22)/6*(9 - h)?
1
Let o(i) = -7*i - 53. Let j be o(-6). Let m = j - -170. What is the hundreds digit of m?
1
Let h = 0 + 3. Suppose h*l - l = 6. Suppose 38 + 22 = l*j. What is the units digit of j?
0
Suppose 2*q - 1843 = -2*y + 763, 3*q + 2*y = 3905. What is the tens digit of q?
9
Suppose -18*o + 1788 = -12540. What is the units digit of o?
6
Suppose -2*n + 5*s + 5*s = -4746, -3*n + 7059 = 5*s. What is the units digit of n?
8
Suppose -98 = -4*f - 18. Let h = f - -43. What is the units digit of h?
3
Suppose 0 = -2*t + 2*i + 2*i + 354, 0 = -2*i. Suppose 1 + 3 = 2*m. Suppose -v + 176 = 5*j, 3*j = -m*j - 2*v + t. What is the units digit of j?
5
Suppose 7*d = 6*d + 12. Suppose -42 = -6*m + d. What is the units digit of m?
9
Let m be (2 - (-1 - -2))*142. Suppose x - 199 = -3*i + 5*x, -2*i - 2*x = -m. What is the units digit of i?
9
Suppose 5 = 4*p - 3. Suppose -2*j - 4*q + 428 = 0, 5*j + 0*q - 1022 = p*q. What is the tens digit of j?
0
Let r(b) = -3*b + 1. Let n be r(9). Let x = 29 + n. What is the units digit of 3*17 - (x - 6)?
4
Suppose -6*x + 1605 = -5*x. Suppose 0 = 201*k - 196*k - x. What is the units digit of k?
1
Let y(w) = -62 + 2*w**2 + 4*w**2 + 61. What is the tens digit of y(3)?
5
Let c = -45 - -28. Let u = 21 + c. What is the units digit of u?
4
Let k(n) = 141*n**2 - 27*n - 8. What is the hundreds digit of k(-3)?
3
Suppose 55*c - 120185 = -10*c. What is the hundreds digit of c?
8
Let l(o) be the second derivative of o**4/12 + 13*o**3/6 + 13*o**2/2 - 2*o. What is the units digit of l(-16)?
1
Let d be 100/((-3)/(-96)*4). Suppose 40 + d = 5*w. Suppose 3*s + 48 = x, 4*x - 7*s - w = -3*s. What is the units digit of x?
9
What is the units digit of (2142/15 - 0)/((-14)/(-35))?
7
Suppose -f + 49 + 56 = d, -4*f + 5*d + 438 = 0. What is the units digit of f?
7
Let k be 204/72 + 2/12. Suppose k*h = 4 - 43. What is the units digit of (2*-1)/(h/52)?
8
Let g(t) = -4*t**3 + 2*t**2 + 2*t + 1. Let i be g(-1). Suppose w = x + 49 + 56, 553 = i*w + 2*x. What is the units digit of w?
9
Let o(y) = -y**3 + 8*y**2 + y + 3. Suppose 0 = f - 2*f + 3. Suppose 2*s = f*s - 4, 0 = -4*m + 2*s + 24. What is the units digit of o(m)?
1
Let n(r) = r**2 + 2*r. Let d be n(-3). Suppose -261 = -7*a + 4*a + d*q, 256 = 3*a - 4*q. What is the units digit of a?
2
Let w be 20/8*(-1 + 3). Suppose 0 = -w*l + 600 + 250. Suppose -5*z - 4*v = -l, -2*z + 3*v + 170 = 3*z. What is the tens digit of z?
3
Suppose 5*c - 500 = 50. Suppose -3*u - q = -5*u + 74, q + c = 3*u. What is the tens digit of u?
3
Let v(x) = -2*x - 6. Let m be v(4). What is the units digit of 6/m + (-366)/(-21)?
7
Let v be ((0/4)/(-2))/(-1). Suppose v*z - 2*z - 174 = -2*r, -3*z = -5*r + 437. What is the tens digit of r?
8
Suppose -7*u = -1252 - 3452. What is the units digit of u?
2
Let q be (-7)/((-7)/6) - -1. Let p = 0 - q. Let c = -5 - p. What is the units digit of c?
2
Let o(k) = -k**2 + 31*k - 42. What is the hundreds digit of o(13)?
1
Let j = -1083 - -1636. What is the units digit of j?
3
Let a = 157 - -61. What is the hundreds digit of a?
2
What is the hundreds digit of ((-4)/10)/(5/(-7100))?
5
Let h = -61 - -61. What is the units digit of 1/((-58)/(-28) - 2 - h)?
4
Suppose -5*a + 1136 = n, 0 = 5*a - 4*n - 717 - 439. What is the tens digit of a?
2
Suppose -10*y + 6*y = -2308. Suppose 0 = -3*d - 2*w + 311, 4*w - 22 = 5*d - y. What is the hundreds digit of d?
1
Let j = 33 - 31. Suppose -2 = -2*q + 6. Suppose 0 = j*a + q*p - 56, 27 = a + 6*p - 3*p. What is the tens digit of a?
3
Let g = -48 - -40. Let r be (-4)/(-16) + 114/g. Let t(w) = w**3 + 13*w**2 - 14*w + 14. What is the units digit of t(r)?
4
Suppose 10*b - 30 - 10 = 0. Let s = 57 + 10. Suppose -x + 4 = 0, -b*r - 3*x = -s + 11. What is the tens digit of r?
1
Let r(s) be the third derivative of -s**4/6 - 11*s**3/6 - 12*s**2. What is the tens digit of r(-8)?
2
Let f(t) be the third derivative of -t**4/4 + 28*t**3 - 2*t**2. What is the hundreds digit of f(0)?
1
Suppose 7*v + 81 - 473 = 0. Let f = v - -78. What is the units digit of f?
4
Let n(q) be the first derivative of 11*q**2/2 - 48*q + 23. What is the units digit of n(15)?
7
Let q = 41 + -15. Let n = -22 + q. Suppose 5*d + 2*v = 278, 3*v - 102 - 119 = -n*d. What is the tens digit of d?
5
Let a = 147 - 142. Suppose 2*o - 850 = -4*t, a*t + 0*o - 1067 = -4*o. What is the units digit of t?
1
Let g be 2/(-11) + (-1368)/(-22). Suppose 4*o - 2*o = 5*h + 73, g = 3*o + 2*h. What is the tens digit of o?
2
Suppose -8*i + 7*i - 5 = 0. Let p = 64 - i. What is the units digit of p?
9
Suppose 6 = -3*c, -c - 10 - 4 = 4*f. Let h be f - -112 - (4 + -3). Suppose d - 5*p = 27, 0 = -4*d + 2*p + 3*p + h. What is the tens digit of d?
2
Let v = -5 + 1. Let z be 5 + (v - (1 - 4)). Suppose 2*o = z*k - k + 28, -o + 5*k + 21 = 0. What is the tens digit of o?
1
Let r(y) = y**3 + 8*y**2 + 10*y + 7. Let l = -23 - -16. Let d = l - -1. What is the units digit of r(d)?
9
Let y(c) = c**2 + 3*c - 7. Let t(i) = -i**2 + 6*i + 4. Let b be t(3). Suppose 2*m - 2 = 5*d + b, -3*m = -3*d. What is the units digit of y(d)?
3
What is the hundreds digit of 2/(-21) - (-793061)/1281?
6
Let u = -2297 + 3772. What is the tens digit of u?
7
Suppose -889 = -10*c + 7081. What is the tens digit of c?
9
Let n(c) = c**2 - 2*c - 12. Let g be n(5). Suppose 2*i = -g*h + 50, 1 = 2*h - 3. What is the tens digit of i?
2
Suppose -4*z = 2*c - 2582, 16*c - 13*c + 2*z - 3873 = 0. What is the tens digit of c?
9
Suppose -5*i - 4*g + 120 = 4, 3*g + 88 = 5*i. Suppose -47 = -i*z + 19*z. What is the units digit of z?
7
Suppose 0*b + 4*b = -36. Let y be ((-2)/4)/(b/(-54)). What is the tens digit of ((-88)/12)/(y/18)?
4
Let s be (3/6 - 0) + 279/(-6). Let p = 126 + s. What is the tens digit of p?
8
Let j = 2698 - 1152. What is the hundreds digit of j?
5
What is the tens digit of (5 + -8)*3*(2 + -97)?
5
Let n(w) = w**2 + 5*w + 6. Suppose 2*v - 2 = 20. Suppose 0*p + p + v = u, 14 = p + 4*u. What is the units digit of n(p)?
2
Let s(w) = 5*w**2 + 3. Let x(p) = -4*p**2 - 4. Let b(a) = 6*s(a) + 5*x(a). Let l be b(2). Let t = l + -20. What is the units digit of t?
8
Suppose -34*x - 4 = -33*x, -5*t + 5520 = 5*x. What is the thousands digit of t?
1
Suppose -10*m - 3588 = -11*m. What is the hundreds digit of m?
